rime?
False
Is 10174836803 a prime number?
False
Is 44097442771 composite?
False
Is 2335310947 a prime number?
False
Is 98531186963 a composite number?
True
Is 10730539223 a composite number?
False
Is 1022640139 composite?
False
Is 6344396963 a prime number?
False
Is 252794507 prime?
False
Is 2578015669 a prime number?
True
Is 1375754621 a prime number?
False
Is 1111704973 a composite number?
False
Is 306853346626 a prime number?
False
Is 22722833179 prime?
True
Is 1845712019 a composite number?
True
Is 98931113045 composite?
True
Is 782182615 prime?
False
Is 422174479 composite?
False
Is 190053550153 a prime number?
True
Is 571841891 prime?
True
Is 751032277 a prime number?
True
Is 7007697311 prime?
True
Is 2413539977 prime?
True
Is 1346884031 prime?
True
Is 25387891489 prime?
True
Is 2360993645 prime?
False
Is 25282519487 prime?
True
Is 1595091373 a composite number?
True
Is 1822191667 prime?
True
Is 1806459439 prime?
True
Is 2007891577 a composite number?
True
Is 9662778787 a prime number?
False
Is 1574340049 a composite number?
False
Is 26354201891 prime?
False
Is 2539201079 prime?
True
Is 5232921559 prime?
False
Is 5315632901 a prime number?
False
Is 2834088701 a prime number?
False
Is 14414935123 a prime number?
True
Is 1552438886 a prime number?
False
Is 9436511971 prime?
False
Is 14907981263 a prime number?
False
Is 8687548427 composite?
True
Is 23564151491 composite?
True
Is 4409016734 a composite number?
True
Is 76251504811 composite?
False
Is 1508458291 a composite number?
True
Is 21363781381 composite?
False
Is 87926639959 a composite number?
False
Is 1548286871 prime?
False
Is 338505779 a composite number?
False
Is 6493751557 composite?
False
Is 431522457323 a prime number?
True
Is 204098309 composite?
True
Is 66916428259 composite?
False
Is 5041709215 composite?
True
Is 51927711119 prime?
False
Is 2282835121 a composite number?
True
Is 448387237 a prime number?
True
Is 2114659409 a prime number?
False
Is 1367762999 a composite number?
True
Is 24307189 a composite number?
False
Is 660154847 a composite number?
True
Is 2113721111 composite?
False
Is 105841553 a prime number?
False
Is 394187461 prime?
True
Is 24798804311 prime?
True
Is 2961800071 a composite number?
False
Is 383956093 composite?
False
Is 376270274 composite?
True
Is 19964355193 a prime number?
True
Is 1681423147 a composite number?
True
Is 535478201 a prime number?
False
Is 2060609783 a prime number?
False
Is 7737883379 composite?
False
Is 131284202909 composite?
True
Is 7189076339 a prime number?
True
Is 11535346283 composite?
False
Is 58749254693 prime?
True
Is 559516015 a prime number?
False
Is 3417407599 a prime number?
True
Is 9657426263 a prime number?
False
Is 110905471247 prime?
False
Is 2138250593 a prime number?
False
Is 361368593 composite?
True
Is 3970640263 a prime number?
False
Is 154811971 a composite number?
False
Is 169250027 composite?
False
Is 16152992387 a prime number?
False
Is 1837856409 a prime number?
False
Is 41056540277 a composite number?
True
Is 548521003 prime?
False
Is 979196093 a prime number?
True
Is 4678756549 a composite number?
False
Is 950471113 prime?
False
Is 2671322831 prime?
True
Is 4713248333 composite?
True
Is 117372608461 composite?
True
Is 615930113 a prime number?
True
Is 3140227921 a composite number?
True
Is 251023316231 prime?
True
Is 8073400807 composite?
True
Is 445244947 a prime number?
False
Is 3901808147 a composite number?
True
Is 1796230139 a composite number?
True
Is 326373758213 composite?
False
Is 27490462049 a prime number?
False
Is 352975321 a composite number?
True
Is 511424321 composite?
False
Is 19548962977 composite?
False
Is 307033747 prime?
True
Is 335906059 a composite number?
False
Is 1740468341 composite?
True
Is 148532327 a composite number?
False
Is 172887017 a composite number?
False
Is 38646991 a composite number?
False
Is 8047196903 prime?
False
Is 228867307 composite?
False
Is 1302177047 a prime number?
False
Is 782272951 prime?
False
Is 11216178527 a composite number?
False
Is 2477773231 composite?
False
Is 6983689501 composite?
False
Is 13833980533 a composite number?
False
Is 7305996149 composite?
False
Is 1849710839 prime?
False
Is 29491442899 a prime number?
True
Is 22068607037 composite?
True
Is 40633574885 composite?
True
Is 9840818669 composite?
True
Is 32505484567 a composite number?
True
Is 119004635353 a prime number?
True
Is 232334741 a composite number?
True
Is 5726489543 prime?
False
Is 95034016271 prime?
False
Is 197939640355 a prime number?
False
Is 1465531763 prime?
False
Is 330616403809 a composite number?
True
Is 17020616289 a composite number?
True
Is 2988222443 composite?
False
Is 4727153649 a prime number?
False
Is 520053031 a prime number?
True
Is 23666280373 prime?
False
Is 202870517 a composite number?
True
Is 127913278081 composite?
True
Is 24272305993 a composite number?
True
Is 917175221 prime?
True
Is 77896109 composite?
False
Is 34182613063 prime?
True
Is 78714103502 prime?
False
Is 631062517 a prime number?
True
Is 848972821 prime?
True
Is 1622751817 a prime number?
False
Is 5741832881 prime?
True
Is 99470674837 composite?
False
Is 86018919287 composite?
True
Is 2869999853 composite?
True
Is 33003331717 a composite number?
False
Is 581843153 a composite number?
True
Is 19801053049 a prime number?
False
Is 15722377981 prime?
True
Is 229955466979 prime?
False
Is 2128902551 a prime number?
True
Is 2751396169 a composite number?
False
Is 126226957933 a prime number?
True
Is 505381099 a prime number?
True
Is 44586324719 a composite number?
False
Is 13158358951 a prime number?
False
Is 8441611051 a composite number?
False
Is 19767428557 a composite number?
False
Is 787465817 a composite number?
False
Is 1056462401 prime?
True
Is 1344389603 composite?
False
Is 1922316623 a composite number?
False
Is 21017784989 composite?
False
Is 5666156131 prime?
False
Is 5997688171 composite?
False
Is 9856757941 prime?
False
Is 2729599 a prime number?
False
Is 20157559153 a composite number?
False
Is 1707442951 prime?
True
Is 932005933 prime?
True
Is 77440046311 prime?
True
Is 54328810157 prime?
False
Is 35675378187 a composite number?
True
Is 101159782781 a prime number?
False
Is 286736005057 a prime number?
True
Is 774757 prime?
True
Is 2217482987 prime?
False
Is 54464846127 a composite number?
True
Is 4876268399 a prime number?
False
Is 38147213 a composite number?
True
Is 443535667 composite?
True
Is 264334583 composite?
True
Is 42671381323 a prime number?
False
Is 4288115191 composite?
False
Is 737424697 composite?
True
Is 6025897723 composite?
True
Is 3624342643 a prime number?
True
Is 10922749259 a prime number?
True
Is 15386013337 a prime number?
True
Is 1411838063 prime?
False
Is 6434971121 a composite number?
True
Is 21036516043 prime?
False
Is 15940427807 composite?
False
Is 50392640189 a prime number?
False
Is 1500570311 a composite number?
True
Is 88837415 composite?
True
Is 15183758171 a composite number?
False
Is 4429708711 composite?
True
Is 5145570587 a prime number?
False
Is 92482873123 a composite number?
False
Is 49916838227 a prime number?
False
Is 357791479 a composite number?
False
Is 523028887 a composite number?
True
Is 89005900499 a composite number?
False
Is 83077507 a composite number?
True
Is 7247943614 composite?
True
Is 82259081 prime?
False
Is 6071386467 a composite number?
True
Is 214625809 prime?
False
Is 41790588971 a composite number?
False
Is 27303031783 a prime number?
False
Is 34131179167 composite?
True
Is 556497041 prime?
False
Is 1456519223 a prime number?
True
Is 8456315327 a prime number?
True
Is 492430849 prime?
True
Is 2566472281 prime?
True
Is 2996538577 composite?
False
Is 2697619169 a prime number?
False
Is 58289900363 composite?
True
Is 851377337 composite?
False
Is 4894144187 prime?
True
Is 2147535749 a prime number?
False
Is 83267931137 a prime number?
True
Is 84871004041 composite?
False
Is 189861145 a prime number?
False
Is 2336433439 a prime number?
False
Is 199196169047 a prime number?
False
Is 72732747923 composite?
True
Is 56201176659 a composite number?
True
Is 57803330309 composite?
False
Is 65493866257 a prime number?
True
Is 1197704779 a prime number?
False
Is 36913386443 a prime number?
True
Is 248500261 a composite